(w) = w**3 - w**2 - 2*w - 1. Calculate n(3).
11
Let r(f) = f**2 + 14*f - 73. Give r(5).
22
Let u(f) = -5*f**2 + f + 8. Give u(3).
-34
Let g(c) = 2*c**3 + 29*c**2 + 12*c + 18. What is g(-14)?
46
Let z(j) = 13*j - 190. Determine z(15).
5
Let k(g) = 16*g - 124. Calculate k(10).
36
Let b(u) = 8*u**3 - 2*u + 3. What is b(2)?
63
Let v(r) = 44*r + 182. What is v(-4)?
6
Let m(j) = -j**2 + 12*j - 8. Calculate m(10).
12
Let v(d) = -d**3 - 12*d**2 + 14*d + 13. Give v(-13).
0
Let l(p) = 56*p + 224. Calculate l(-4).
0
Let o(i) = -i**2 + 13*i + 61. What is o(17)?
-7
Let y(b) = 13*b**2 + 1. Give y(-1).
14
Let v(m) = -2*m + 41. Calculate v(7).
27
Let c(j) = j**3 - 3*j**2 - 8*j + 14. Determine c(6).
74
Let g(s) = 6*s**2 - 2*s + 1. Give g(1).
5
Let k(o) = o**2 + 19*o - 23. What is k(-18)?
-41
Let r(u) = 6*u + 14. Determine r(-3).
-4
Let t(r) = r - 16. Determine t(4).
-12
Let u(v) = 3*v**2 - 9*v + 20. Give u(2).
14
Let s(j) = -14*j + 16. Calculate s(5).
-54
Let b(w) = w**2 + 9*w + 8. What is b(-4)?
-12
Let q(d) = 19*d + 16. What is q(-1)?
-3
Let c(q) = q + 30. Determine c(-18).
12
Let y(h) = 19*h + 1. Calculate y(1).
20
Let f(c) = 20*c + 332. What is f(-16)?
12
Let m(y) = 4*y - 6. What is m(11)?
38
Let c(h) = -2*h**2 + 22*h + 50. What is c(13)?
-2
Let x(w) = 115*w**3 - w**2 + w + 1. Calculate x(-1).
-116
Let b(y) = -y**3 + 24*y**2 - 42*y - 16. What is b(22)?
28
Let k(a) = a**2 - 12*a + 12. What is k(11)?
1
Let p(d) = -5*d + 75. What is p(18)?
-15
Let k(j) = -7*j - 27. What is k(-4)?
1
Let b(c) = 4*c + 4. Calculate b(2).
12
Let u(c) = c**3 - 4*c**2 + 14*c + 9. Determine u(5).
104
Let f(h) = -h**2 + 5*h + 66. Give f(-6).
0
Let x(o) = 2*o**3 + 4*o**2 - 2*o + 6. Give x(-3).
-6
Let v(l) = -l - 20. Calculate v(-16).
-4
Let q(t) = 2*t - 4. Determine q(-2).
-8
Let u(j) = -6*j**2 - 3*j - 3. Give u(-1).
-6
Let v(z) = -z**2 - 7*z - 8. What is v(-1)?
-2
Let k(y) = y**2 + 15*y + 6. Give k(-14).
-8
Let v(d) = -d**3 + 6*d**2 + 16*d - 4. What is v(8)?
-4
Let k(d) = 3*d**2 - 13*d + 18. Calculate k(3).
6
Let g(x) = 12*x + 225. Calculate g(-19).
-3
Let m(d) = d**2 - 7*d + 7. Calculate m(6).
1
Let t(s) = s**3 - 5*s**2 - 6*s + 7. Calculate t(5).
-23
Let f(n) = -18*n + 3. Determine f(-1).
21
Let a(p) = p**3 - 8*p**2 + 4*p + 55. What is a(6)?
7
Let r(c) = c + 31. What is r(0)?
31
Let o(t) = -t**2 - 4*t + 39. Calculate o(-8).
7
Let h(y) = -65*y + 901. Calculate h(14).
-9
Let x(l) = -l**2 - 14*l - 20. Determine x(-10).
20
Let i(t) = -t**2 - 2*t + 19. Determine i(6).
-29
Let p(k) = -12*k - 167. Determine p(-15).
13
Let p(i) = i**3 - 32*i**2 - 37*i + 152. Calculate p(33).
20
Let c(p) = p**3 + 10*p**2 - 20*p + 5. Give c(-12).
-43
Let a(f) = f**3 + 7*f**2 + 6*f - 2. Give a(-4).
22
Let r(l) = -12*l + 4. What is r(-2)?
28
Let x(d) = -21*d**2 + 2*d - 2. Calculate x(1).
-21
Let p(d) = d + 20. Give p(-11).
9
Let q(l) = -l**2 + 3*l + 86. Calculate q(-8).
-2
Let k(l) = l**3 + 2*l**2 + 10*l + 9. Give k(-3).
-30
Let b(c) = 6*c + 70. Determine b(-13).
-8
Let s(z) = -2*z**3 - 7*z**2 - 5*z - 1. Determine s(-3).
5
Let g(h) = -2*h**3 - 3*h**2 - 2*h - 6. Determine g(-2).
2
Let t(f) = -2*f**2 - 3*f. Give t(-2).
-2
Let b(u) = -u**2 - 6*u - 7. Calculate b(-5).
-2
Let o(n) = n**3 + 3*n - 4. Determine o(3).
32
Let c(j) = -j**3 - 50*j**2 - 2*j - 103. Calculate c(-50).
-3
Let w(j) = j**2 + 90*j - 382. Calculate w(-94).
-6
Let j(p) = 2*p**3 - 31*p**2 - 13*p - 14. Give j(16).
34
Let o(a) = -a**3 - 11*a**2 - 9*a - 6. Calculate o(-10).
-16
Let l(z) = -10*z + 103. Calculate l(11).
-7
Let p(s) = -3*s - 3. What is p(-5)?
12
Let o(q) = -7*q + 79. Determine o(14).
-19
Let o(f) = -f**3 + 10*f**2 - 13*f - 37. Give o(8).
-13
Let l(n) = -3*n**2 + 2*n + 56. Calculate l(-4).
0
Let c(t) = -t**3 - 23*t**2 - 23*t - 7. Give c(-22).
15
Let m(x) = x**3 - 16*x**2 + 14*x - 11. Determine m(15).
-26
Let t(d) = d**2 - 8*d + 9. What is t(7)?
2
Let w(q) = q**2 - 8*q + 3. Give w(7).
-4
Let y(f) = f**3 - 5*f**2 - 6*f. Calculate y(6).
0
Let p(y) = -3*y + 62. Determine p(17).
11
Let y(b) = 10*b + 116. What is y(-9)?
26
Let k(l) = -l**2 + 11*l + 5. What is k(11)?
5
Let n(w) = -w**2 - w + 4. What is n(-2)?
2
Let s(g) = -g**3 - 6*g**2 - g - 11. Calculate s(-6).
-5
Let h(u) = -2*u + 12. Calculate h(-6).
24
Let i(d) = -d**2 - 12*d. Give i(-13).
-13
Let p(z) = 4*z - 2. Determine p(-3).
-14
Let g(f) = -27*f - 94. Determine g(-4).
14
Let z(u) = -u - 12. Give z(-11).
-1
Let b(v) = 6*v + 54. What is b(-9)?
0
Let j(h) = -h**2 - 4*h + 64. What is j(-10)?
4
Let l(k) = k**3 - 19*k**2 + 14*k + 67. What is l(18)?
-5
Let a(j) = j**2 + 11*j - 20. Determine a(-10).
-30
Let t(d) = -d**3 - 10*d**2 - 14*d - 51. Determine t(-9).
-6
Let z(i) = -i**3 + 7*i**2 + 6*i + 21. Give z(8).
5
Let z(x) = -91*x + 360. Determine z(4).
-4
Let v(y) = 2*y - 16. What is v(7)?
-2
Let a(i) = 4*i - 8. Determine a(-9).
-44
Let g(a) = -a**3 + 6*a**2 + 8*a - 23. What is g(7)?
-16
Let b(a) = a**3 - 16*a**2 - 16*a - 29. Calculate b(17).
-12
Let g(v) = v**3 + 6*v**2 + 7*v + 14. Determine g(-5).
4
Let h(s) = 4*s**2 + 2*s. What is h(-2)?
12
Let z(x) = x**2 + 30*x + 149. Give z(-6).
5
Let o(b) = -46*b - 134. What is o(-3)?
4
Let l(z) = -z**2 - 7*z + 12. What is l(6)?
-66
Let x(q) = -10*q - 66. Calculate x(-8).
14
Let d(o) = o - 8. Determine d(6).
-2
Let x(w) = w**2 - 16*w + 9. Calculate x(17).
26
Let x(y) = y**3 - 8*y**2 + 7*y + 8. Give x(8).
64
Let s(h) = h**2 - 5*h - 33. Determine s(8).
-9
Let m(h) = 40*h. Give m(-1).
-40
Let t(g) = -g**2 + 5*g. Give t(5).
0
Let a(z) = -z**2 + 4*z + 21. Give a(-4).
-11
Let m(y) = -y**2 - 8*y + 19. Give m(-9).
10
Let y(j) = -4*j**2 - 96*j + 4. Calculate y(-24).
4
Let a(w) = -3*w - 18. Give a(-10).
12
Let k(f) = -14*f + 1. What is k(2)?
-27
Let h(p) = 9*p + 13. Give h(-6).
-41
Let x(z) = z**3 - 19*z**2 - 20*z. Give x(20).
0
Let d(q) = 2*q**2 - 8*q - 5. What is d(5)?
5
Let p(x) = -x**2 + 50*x - 614. What is p(27)?
7
Let t(z) = z**3 - 7*z**2 + 9*z - 2. Determine t(5).
-7
Let c(w) = -5*w + 141. What is c(28)?
1
Let h(z) = -18*z - 136. Determine h(-9).
26
Let q(i) = 29*i + 10. Determine q(1).
39
Let x(w) = 5*w + 35. What is x(-13)?
-30
Let a(o) = 3*o**2 - 82*o - 54. Calculate a(28).
2
Let o(t) = t**2 - t. Determine o(1).
0
Let g(k) = 3*k - 16. Determine g(19).
41
Let k(d) = -3*d**2 - 34*d - 10. Give k(-11).
1
Let u(r) = 31*r - 1. Give u(1).
30
Let q(r) = 39*r - 3. Give q(1).
36
Let b(v) = -15*v + 2. What is b(1)?
-13
Let l(v) = -13*v - 5. Give l(3).
-44
Let m(y) = -y**3 + 8*y**2 + 10*y - 8. What is m(9)?
1
Let d(v) = v**2 + 14*v + 15. Determine d(-12).
-9
Let w(b) = -2*b**2 - 3*b - 1. Determine w(-4).
-21
Let z(m) = -48*m**3 - 2*m + 1. Give z(1).
-49
Let t(x) = -x**2 + 12*x + 48. Calculate t(15).
3
Let g(a) = 2*a**2 - 15*a - 28. Give g(9).
-1
Let u(l) = l**2 - 13*l - 146. Determine u(21).
22
Let y(p) = -p**2 + 9*p - 11. Determine y(5).
9
Let u(a) = a**2 - 24*a + 136. Give u(10).
-4
Let n(v) = -22*v + 3. Determine n(-2).
47
Let j(y) = 13*y + 3. What is j(2)?
29
Let q(j) = -j**2 - 7*j + 42. Determine q(-11).
-2
Let w(q) = 2*q**2 + 14*q + 13. Calculate w(-6).
1
Let k(h) = -h**2 + 7*h + 3. Determine k(5).
13
Let f(g) = -62*g + 2. Give f(-1).
64
Let x(w) = -w**3 - 7*w**2 - 3*w - 26. Determine x(-7).
-5
Let j(d) = -d**2 + 18*d - 29. Determine j(16).
3
Let x(u) = -u**2 + 15*u + 4. Give x(15).
4
Let h(t) = t**3 + 12*t**2 + 2*t + 1. Calculate h(-12).
-23
Let f(t) = -t**3 - 5*t**2 - 5*t - 5. Determine f(-5).
20
Let w(y) = -y + 11. Determine w(4).
7
Let v(c) = -c**2 + 7*c - 2. What is v(4)?
10
Let k(f) = f**2 + 14*f - 23. Calculate k(-14).
-23
Let o(f) = 9*f**2 + 2*f - 1. What is o(3)?
86
Let a(d) = -2*d**3 + 8*d**2 + d + 4. Determine a(4).
8
Let o(c) = -18*c**2 - 325*c - 6. What is o(-18)?
12
Let u(c) = c**3 - 14*c**2 - c - 15. Give u(14).
-29
Let j(a) = -5*a - 141. Calculate j(-26).
-11
Let a(p) = -5*p - 1. Calculate a(1).
-6
Let q(u) = -2*u**3 - 75*u**2 - 37*u - 12. Give q(-37).
-12
Let n(g) = -11*g - 31. Calculate n(-22).
211
Let r(x) = -x**2 - 3*x - 2. What is r(-2)?
0
Let o(j) = j - 25. What is o(23)?
-2
Let q(w) = -w**2 + 21*w - 3. What is q(21)?
-3
Let w(x) = -13*x**2 + 3*x + 2. What is w(-1)?
-14
Let a(o) = -2*o**2 - 4*o - 12. Give a(3).
-42
Let b(m) = 4*m - 66. Calculate b(17).
2
Let w(f) = -f**3 - 36*f**2 - 36*f - 28. Determine w(-35).
7
Let k(o) = o**3 - o**2 